when 560483 is divided by 560367?
116
Calculate the remainder when 1260745 is divided by 3060.
25
Calculate the remainder when 2804787 is divided by 276.
75
What is the remainder when 166696603 is divided by 752?
11
What is the remainder when 120338 is divided by 7065?
233
Calculate the remainder when 3756006 is divided by 250399.
21
Calculate the remainder when 10592650 is divided by 15.
10
What is the remainder when 236789474 is divided by 418?
416
What is the remainder when 9252835 is divided by 41868?
7
Calculate the remainder when 277202462 is divided by 835.
832
What is the remainder when 1531482 is divided by 11?
7
What is the remainder when 1047488 is divided by 390?
338
Calculate the remainder when 936007 is divided by 70.
37
Calculate the remainder when 183836 is divided by 1010.
16
What is the remainder when 1212215 is divided by 1018?
795
What is the remainder when 1593078 is divided by 4659?
4359
Calculate the remainder when 350064 is divided by 15912.
0
Calculate the remainder when 505187 is divided by 252558.
71
What is the remainder when 39566 is divided by 39007?
559
What is the remainder when 112958 is divided by 303?
242
What is the remainder when 371913 is divided by 2272?
1577
Calculate the remainder when 9132965 is divided by 2863.
2858
What is the remainder when 524468 is divided by 337?
96
What is the remainder when 786691 is divided by 60512?
35
What is the remainder when 1293392 is divided by 10778?
32
What is the remainder when 3505617 is divided by 30?
27
Calculate the remainder when 13390689 is divided by 39.
0
What is the remainder when 21147791 is divided by 34?
29
Calculate the remainder when 612070 is divided by 18533.
481
Calculate the remainder when 1934849 is divided by 129.
107
Calculate the remainder when 116712 is divided by 1014.
102
What is the remainder when 61307885 is divided by 210680?
5
Calculate the remainder when 565627 is divided by 1532.
319
Calculate the remainder when 3388614 is divided by 3886.
22
What is the remainder when 3042118 is divided by 502?
500
Calculate the remainder when 187043 is divided by 37265.
718
What is the remainder when 228686 is divided by 45723?
71
What is the remainder when 20165156 is divided by 108?
44
What is the remainder when 538494351 is divided by 836?
835
Calculate the remainder when 6924676 is divided by 629490.
286
What is the remainder when 229003639 is divided by 27?
7
What is the remainder when 5523172 is divided by 1422?
124
What is the remainder when 103505389 is divided by 314?
313
What is the remainder when 26133 is divided by 2862?
375
Calculate the remainder when 1851409 is divided by 7779.
7
Calculate the remainder when 125648 is divided by 638.
600
What is the remainder when 2957710 is divided by 155?
0
What is the remainder when 4930894 is divided by 145026?
10
Calculate the remainder when 1473506 is divided by 245582.
14
Calculate the remainder when 3785765 is divided by 171.
167
What is the remainder when 15676567 is divided by 47?
46
Calculate the remainder when 232645 is divided by 12888.
661
What is the remainder when 294681 is divided by 852?
741
What is the remainder when 35315406 is divided by 24?
6
Calculate the remainder when 20678213 is divided by 1216358.
127
What is the remainder when 34226 is divided by 3716?
782
Calculate the remainder when 746789 is divided by 76.
13
Calculate the remainder when 14281 is divided by 175.
106
What is the remainder when 34130925 is divided by 2674?
2663
Calculate the remainder when 165595 is divided by 1098.
895
What is the remainder when 15466380 is divided by 7733169?
42
What is the remainder when 1883462 is divided by 1277?
1164
What is the remainder when 89579 is divided by 182?
35
Calculate the remainder when 55814723 is divided by 2597.
2596
Calculate the remainder when 2741096 is divided by 336.
8
Calculate the remainder when 5313022 is divided by 6600.
22
What is the remainder when 1197140 is divided by 598296?
548
Calculate the remainder when 569502 is divided by 94916.
6
Calculate the remainder when 21772067 is divided by 58214.
31
Calculate the remainder when 1039627 is divided by 831.
46
What is the remainder when 33261084 is divided by 143?
142
Calculate the remainder when 12583901 is divided by 1272.
5
What is the remainder when 1524743 is divided by 14530?
13623
Calculate the remainder when 1416403 is divided by 930.
13
What is the remainder when 1361373 is divided by 723?
687
What is the remainder when 590657 is divided by 174?
101
What is the remainder when 2413897 is divided by 651?
640
Calculate the remainder when 18488150 is divided by 293462.
44
Calculate the remainder when 1051215 is divided by 18766.
319
What is the remainder when 6233366 is divided by 437?
435
What is the remainder when 162328 is divided by 1331?
1277
What is the remainder when 1686537 is divided by 3904?
9
What is the remainder when 11725859 is divided by 174?
173
Calculate the remainder when 7489717 is divided by 7489707.
10
Calculate the remainder when 222954 is divided by 59.
52
Calculate the remainder when 15433 is divided by 7538.
357
Calculate the remainder when 1009033 is divided by 1009018.
15
What is the remainder when 16470927 is divided by 412?
403
What is the remainder when 195207 is divided by 378?
159
What is the remainder when 427038 is divided by 522?
42
What is the remainder when 288345 is divided by 12?
9
What is the remainder when 2797778 is divided by 14129?
236
What is the remainder when 718735 is divided by 356?
327
What is the remainder when 15824 is divided by 2091?
1187
Calculate the remainder when 8241185 is divided by 7332.
17
What is the remainder when 91903 is divided by 38?
19
Calculate the remainder when 5506664 is divided by 145.
144
Calculate the remainder when 50355930 is divided by 310839.
12
What is the remainder when 1130731 is divided by 376842?
205
Calculate the remainder when 318705 is divided by 12712.
905
Calculate the remainder when 1134864249 is divided by 290.
289
What is the remainder when 6295389 is divided by 7?
2
Calculate the remainder when 663996229 is divided by 22.
17
Calculate the remainder when 616594 is divided by 3008.
2962
Calculate the remainder when 16668 is divided by 12169.
4499
Calculate the remainder when 655068 is divided by 3450.
3018
What is the remainder when 19103 is divided by 2540?
1323
What is the remainder when 390575 is divided by 195268?
39
What is the remainder when 1673189 is divided by 76054?
1
What is the remainder when 244346 is divided by 25?
21
What is the remainder when 339148 is divided by 113032?
52
Calculate the remainder when 2060557 is divided by 340.
157
Calculate the remainder when 2210723 is divided by 1850.
1823
What is the remainder when 490900 is divided by 60794?
4548
Calculate the remainder when 626195 is divided by 6806.
43
What is the remainder when 4903876 is divided by 2581?
2557
What is the remainder when 343717963 is divided by 1140?
1123
What is the remainder when 6242597 is divided by 1372?
1369
Calculate the remainder when 3469169 is divided by 266.
263
What is the remainder when 614081 is divided by 349?
190
Calculate the remainder when 568452 is divided by 16235.
227
What is the remainder when 216960 is divided by 216473?
487
Calculate the remainder when 5445918 is divided by 2722959.
0
What is the remainder when 54212 is divided by 1193?
527
What is the remainder when 765869386 is divided by 27?
22
What is the remainder when 960197367 is divided by 13444?
13443
What is the remainder when 3241313 is divided by 1091?
1043
What is the remainder when 1765225 is divided by 198?
55
What is the remainder when 10091465 is divided by 5045720?
25
What is the remainder when 587548424 is divided by 21?
8
Calculate the remainder when 28863 is divided by 480.
63
What is the remainder when 6491121 is divided by 196689?
384
Calculate the remainder when 413651 is divided by 12.
11
What is the remainder when 1277798 is divided by 12?
2
What is the remainder when 49754516 is divided by 92?
88
Calculate the remainder when 245521 is divided by 2219.
1431
What is the remainder when 2113824 is divided by 77?
20
Calculate the remainder when 9873797 is divided by 4216.
4141
Calculate the remainder when 7194 is divided by 7